 = 407 + m. What are the prime factors of o?
2, 13
Let s(g) = -55*g**3 - 7*g**2 + 18*g + 61. What are the prime factors of s(-4)?
43, 79
Let l(n) = -10 - 33 + 2*n + 55*n. What are the prime factors of l(12)?
641
Suppose 0 = -2*q + 7 + 1. Suppose 4*t - 17 = -w, 5*t = -5*w + w + 13. Suppose -u + 5*u - 71 = -3*l, -q*l - 112 = -t*u. What are the prime factors of u?
2, 5
Let k(x) = 4*x**3 - 11*x**2 - 4*x + 6. Suppose -3*l = 5*a, -2*l + 0*l - 2*a + 4 = 0. List the prime factors of k(l).
211
Suppose -3*x + 85 = 2*w - 34, 5*x + w = 196. Let i = x - 22. Suppose i*s - 295 = 2170. What are the prime factors of s?
5, 29
Let k = 24565 + -6279. What are the prime factors of k?
2, 41, 223
Suppose 707 = 4*c + 5*n, -4*n + 529 = 4*c - c. Let p = 328 - c. List the prime factors of p.
5, 29
Let h be (-6*2 + 6)*(-15)/10. What are the prime factors of ((-5850)/(-54))/(3/h - 0)?
5, 13
Suppose -4*t = 3*d - 2441, -5*d = -5*t + 133 + 2962. List the prime factors of t.
2, 307
Let c(n) = 3*n**2 - 2*n - 31. Let q be c(8). Suppose -q - 411 = -2*h. What are the prime factors of h?
2, 139
Let j be (0 - (2 - 2))/(0 - 2). Suppose j = -5*g - 321 + 146. Let b = g + 321. List the prime factors of b.
2, 11, 13
Suppose 0 = 2*q - 5*x - 71721, 0 = 2*x - 13 + 7. Suppose -24*b + q = 25*b. List the prime factors of b.
2, 3, 61
Let o = -511 + 522. Suppose 1178 = 3*w + 5*r, 2*r - 788 = -o*w + 9*w. What are the prime factors of w?
2, 3, 11
What are the prime factors of (-4483376)/(-1360) - 4/(-10)?
3, 7, 157
Let f(h) = -82*h + 735. What are the prime factors of f(-131)?
23, 499
What are the prime factors of ((-171574)/52)/(4/(-16)*2)?
6599
Suppose f - 5*l - 11442 = 0, l - 13621 = -4*f + 32063. What are the prime factors of f?
2, 5711
Let a(b) = 103*b**2 - 19*b + 18. List the prime factors of a(6).
2, 3, 7, 43
Suppose 0 = 4*t - 3*x - 102500, -179377 = -t - 6*t + 5*x. List the prime factors of t.
19, 71
Let y = -133127 - -190279. List the prime factors of y.
2, 19, 47
Suppose 3*h - 2*v - 42 = 0, 4*h - 10 = -5*v + 23. Suppose 3*y - 4*y - 2*x = -h, y + 3*x - 14 = 0. List the prime factors of y.
2
Let m be 3/(-1)*38/57. Let v be (14/14)/(m - 614/(-306)). Suppose -2*i + 152 = 5*f, -3*i + v = 3*f + 2*f. List the prime factors of f.
2, 3, 5
Let q be 3393/(-348) + (1 - 5/4). What are the prime factors of 25220/q*5/(-10)?
13, 97
Suppose -5*n = 3*f + 6, 2*n - 3*n = 0. Let w be -4 - 5*f/(-5). What are the prime factors of (5/(-45)*w)/((-1)/(-9))?
2, 3
Let z be 11/(((-4000)/(-668))/(-2) + 3). Let w = -1157 + z. List the prime factors of w.
2, 5, 17
Let n(k) = -9*k - 6. Let u(s) be the first derivative of s**4/4 + s**3 - s**2/2 + 5*s - 5. Let z be u(-4). What are the prime factors of n(z)?
3, 19
Let z(r) = -2*r**2 + r + 8726. List the prime factors of z(0).
2, 4363
Let x(t) = 5733*t - 3897. List the prime factors of x(4).
3, 5, 47
Suppose 0 = 314*j - 328*j + 25508. List the prime factors of j.
2, 911
Let n(l) = -270*l - 319. What are the prime factors of n(-23)?
43, 137
Let x = 5525 + 2889. List the prime factors of x.
2, 7, 601
Suppose 2391504 + 717822 - 478135 = 149*t. What are the prime factors of t?
17659
Let k(o) = -o**2 + 16*o + 25. Let l be k(17). Suppose 5*h - 120 = 2*x + l*h, -2*h + 60 = -x. What are the prime factors of (x/(-21))/((-18)/(-1449))?
2, 5, 23
Let r = -1719 + 1145. Let q = r + 1006. List the prime factors of q.
2, 3
Let b(m) = 10*m - 74. Let y(o) = 2*o - 15. Let u(j) = -3*b(j) + 14*y(j). Let f be u(6). Suppose 0*w - 4*w + 28 = f. List the prime factors of w.
7
What are the prime factors of (3*1)/(-36*(-24)/2874816)?
2, 7, 23, 31
Let w = 2067 - 1224. Let k = -587 + w. Suppose 6*o - 2*o - k = 0. List the prime factors of o.
2
Suppose 12510 + 10195 = 3*z - 2*g, 0 = g + 2. What are the prime factors of 0 + -7 - z/(-23)?
2, 7, 23
Let n = 59 - 203. Let a = -23 - n. Let d = 173 - a. What are the prime factors of d?
2, 13
Suppose 33 = -9*o + 6*o. Let l = o - -11. Suppose 3*m + z - 93 = l, 4*m - 211 + 87 = -5*z. List the prime factors of m.
31
Let s(t) = -308*t**3 - 6*t**2 + 8*t + 52. What are the prime factors of s(-4)?
2, 4909
Let v(r) = 14*r**2 - r. Suppose -5*k + 5*h + 115 = 0, -k = k - 4*h - 40. Let s = 24 - k. List the prime factors of v(s).
2, 29
Suppose -13450 = -15*t + 13*t + 3*o, -t + 6722 = -2*o. What are the prime factors of t?
2, 7, 13, 37
Suppose 1160 = 27*b - 25*b. Let m = 2258 - b. What are the prime factors of m?
2, 839
Suppose 0 = -3*k - 6. Let d(q) = 12*q**3 - 3*q - 4. Let g be d(k). Let o = g - -175. List the prime factors of o.
3
Suppose -3*h + 11 = -3*j - j, -13 = -5*h + 4*j. What are the prime factors of h*173 + (-30 - -25)?
2, 3, 7
Suppose -2*q + 4*c + 3701 = q, -4*q = -5*c - 4936. Suppose -2137 = -8*h + q. List the prime factors of h.
2, 211
Let r(f) = 2*f**2 + 14*f + 11. Let u = 79 + -70. What are the prime factors of r(u)?
13, 23
Let i = 3124 + -280. Suppose -s + 10*s - i = 0. What are the prime factors of s?
2, 79
Let m = 70435 + -28982. List the prime factors of m.
41453
Let w = 10974 - 7646. Suppose 720*n = 712*n + w. List the prime factors of n.
2, 13
Let q be ((-52)/12 + 4)*0. Suppose -2*o + 557 + 21 = q. Suppose 707 = 5*k - 3*g, 2*k - g - o = -6*g. What are the prime factors of k?
2, 71
List the prime factors of 99/(-66)*(3/(-9))/((-5)/(-4370)).
19, 23
What are the prime factors of 23/1771*-33 + 0 + (-98398)/(-14)?
2, 7, 251
Suppose -2*d = 10, 5*m - 3*d + 2*d = 440. Let p = 259 + m. List the prime factors of p.
2, 173
Suppose -301309 = -26*a + 67735. List the prime factors of a.
2, 47, 151
Let a = -590 - -2622. List the prime factors of -10 + 11 + a/4.
509
Let a be (-4 - -187 - -4) + 4. Let f = -96 + a. Suppose -3*c + f = 2*c. What are the prime factors of c?
19
Let f(y) = 5*y**2 - 12*y - 32. Let h be f(-11). Let s = 1266 + h. What are the prime factors of s?
3, 73
Let q(t) = -47*t**3 + 11*t**2 - 17*t + 20. List the prime factors of q(-7).
107, 157
Suppose 2*x - 5*h - 34446 = 0, -3*x = 42*h - 39*h - 51711. List the prime factors of x.
19, 907
Suppose 5*x - 1175 = -s, -2*x + 126*s - 127*s + 473 = 0. List the prime factors of x.
2, 3, 13
Let v(p) = -p**3 + 6*p**2 - 10*p + 4. Let i be v(4). List the prime factors of 774 + 14/i*(-4)/14.
5, 31
Let v(m) = 2*m**2 + 25*m - 44. Let d be v(-14). List the prime factors of (53/2)/((-231)/(-112) + d).
2, 53
Suppose -3*i - 60 = -18. Let b be (i - -9) + (0 - -5). Suppose -10*o + 9*o + 202 = b. List the prime factors of o.
2, 101
Let x = -394 - -378. Let d = 935 - x. List the prime factors of d.
3, 317
What are the prime factors of (-117096)/6*(-4)/16?
7, 17, 41
What are the prime factors of (-2)/(0/(-3 - 2) + 15/(-252060))?
2, 4201
Suppose -9406*q = -9407*q + 18353. List the prime factors of q.
18353
Let v = -1 + -11. Let r be (1/((-9)/v))/(8/(-12)). List the prime factors of 1/r - 2010/(-20).
2, 5
Suppose p - 29 = 188. Let y = p + -140. What are the prime factors of y?
7, 11
Suppose -827933 - 689275 = -21*r. List the prime factors of r.
2, 11, 821
Suppose 0 = 224*l - 221*l - 15. Suppose -376 = -l*i + 4*i. What are the prime factors of i?
2, 47
Let z(x) = 966*x**2 + 3*x + 4. Let m be z(-1). Let a = 936 + m. What are the prime factors of a?
11, 173
Suppose 145*v - 8915 = 140*v. Let s = v - 1232. Suppose s = 5*g - 54. List the prime factors of g.
11
Let f = -161 - -285. Let a = 171 + f. List the prime factors of a.
5, 59
Suppose -3*t = 2*t - 3*i - 47, -3*t + 34 = 4*i. Let k be 2/((2/(-8))/(1/(-4))). Suppose k*p - 2 - t = -4*c, -p + c = -9. What are the prime factors of p?
2
Let l(o) = 23*o - 96. Let a be l(4). What are the prime factors of ((-1)/a)/((-11)/(-49544))?
2, 563
Suppose 257*s - 255*s = 3*w + 81181, -3*s = 3*w - 121839. List the prime factors of s.
2, 10151
Let g(i) = -16*i + 1101. What are the prime factors of g(37)?
509
Suppose -3*i + 110 = 2*w, -2*i - 6*w + 84 = -2*w. Suppose 0 = 4*n - i - 34. What are the prime factors of n?
17
Let a(y) = -112*y + 28. Let l(j) = 1. Let h(o) = -a(o) + 6*l(o). List the prime factors of h(4).
2, 3, 71
What are the prime factors of (26/(-117))/(4/60)*(-7818)/4?
5, 1303
Let w = -8 + -10. Let m be 27/w*388/(-6). Suppose -2*l + l = -a - 46, 2*l - 3*a = m. List the prime factors of l.
41
Let k(g) = g**2 + 11*g + 16. Let i = 196 - 227. What are the prime factors of k(i)?
2, 3, 53
L